et s(z) = -z**3 - 5*z**2 - 4*z + 5. What is the remainder when 8 is divided by s(-4)?
3
Let q(c) = -9*c**3 + 2*c**2 - c + 1. What is the remainder when q(-2) is divided by 21?
20
Let d = -23 - -42. Calculate the remainder when d is divided by 9 - (-5 + 2)/3.
9
Let g = 17 + 4. Calculate the remainder when g is divided by 8.
5
Let h(m) = m + 21. Calculate the remainder when h(0) is divided by 57/5 + (-2)/5.
10
Calculate the remainder when (44 - -1) + (-1 - -2) is divided by 12.
10
Suppose -a - a = -5*c + 14, 5*c - 16 = 3*a. Let u be 2 + -2 - (a + 0). Suppose s + 0*s = u. Calculate the remainder when 2 is divided by s.
0
Suppose 0 = -g + 41 + 26. Suppose 39 = 5*n - 46. What is the remainder when g is divided by n?
16
Suppose a + 0*b - 2*b = 108, -a = 2*b - 96. Suppose 2*z - a = -z. Calculate the remainder when z is divided by 12.
10
Let j = 17 + -5. Let d(n) = -n**3 - 11*n**2 - 12*n - 13. Calculate the remainder when j is divided by d(-10).
5
Calculate the remainder when 60 is divided by (-8)/((-1)/(2/1)).
12
Suppose 5*y + 396 = 4*a, -3*a + 5*y + 198 = -a. Suppose j - 3*j + b = -153, 4*b = -j + a. Calculate the remainder when j is divided by 20.
19
Let r(g) = 2*g**2 + 5*g - 2. What is the remainder when 47 is divided by r(-4)?
7
Suppose 0 = -4*j + 2*w + 2 - 8, 0 = -w + 3. Suppose 4*a - 412 + 109 = o, 3*o + 9 = j. What is the remainder when a is divided by (-2 + 1)*1 - -20?
18
What is the remainder when 57 is divided by 2/(-1)*87/(-6)?
28
Suppose -17 = v - 129. What is the remainder when v is divided by 29?
25
Suppose -2*u = 4*z - 38, -u - 4*u = 2*z - 87. Suppose 0 = -38*r + 27*r + 363. Calculate the remainder when r is divided by u.
16
Let n(d) = 7*d**3 - 3*d + 4. Calculate the remainder when 106 is divided by n(2).
52
Let h(o) = -2*o + 4. Let s be h(3). Let k be -7 + 5 - s*11. Let t = 37 - k. What is the remainder when 50 is divided by t?
16
Suppose -2*u - 2*v = -34, v + 51 = 3*u - 3*v. Let k(c) = 1 + 3*c + 0 - 2*c. What is the remainder when u is divided by k(5)?
5
Suppose -2*d + 4*d - 89 = -5*f, 3*f = -5*d + 61. Calculate the remainder when f is divided by ((-15)/(-9))/(-1)*-3.
2
Suppose -35 = -4*m + 25. Suppose -7 = -2*h + 3*c, 4*h - 3*c = 2 + 21. What is the remainder when m is divided by h?
7
Let m(p) = p**3 - 9*p**2 + 16*p - 9. Calculate the remainder when 19 is divided by m(7).
4
Let a = 4 + 16. Calculate the remainder when a is divided by 12.
8
Let c(m) = 2*m**2 + 2*m + 1. Let j be c(-1). Let s be (1 - j)/3 - 0. Suppose -3*z + s*z = -12. What is the remainder when z is divided by 3?
1
Let q be ((-2)/4)/(7/2044). Let n = -93 - q. Let p = n + -27. Calculate the remainder when p is divided by 9.
8
Let s = 17 + -20. What is the remainder when (-11)/s*(-4 + 7) is divided by 4?
3
Let b(q) = -q + 17. Calculate the remainder when 41 is divided by b(-6).
18
Let y(f) = -16*f - 2. Calculate the remainder when y(-4) is divided by 13.
10
Suppose -13*h + 2*f = -9*h - 66, -5*f = h - 33. Calculate the remainder when 88 is divided by h.
16
Suppose -q - 6*q = -343. Suppose 3*y = 2*l - 19, -l + 44 = l + 2*y. Calculate the remainder when q is divided by l.
15
Suppose -o - 3*o + 24 = 0. Let z = -4 + 6. Suppose 3*u = -o, -z*l - 2*l + 20 = 4*u. Calculate the remainder when l is divided by 4.
3
Suppose 18*v - 16*v = 48. Calculate the remainder when 70 is divided by v.
22
Let p = 26 + -6. What is the remainder when p is divided by 7?
6
What is the remainder when 27/(-30)*4/3*-20 is divided by 9?
6
Let b(a) = 2*a + 12. What is the remainder when 33 is divided by b(0)?
9
Let l = 3 - 13. Let w be 1 - l/((-4)/(-2)). Calculate the remainder when 3 is divided by (-3)/9 - (-14)/w.
1
Calculate the remainder when 4 is divided by -2*(-3)/(-6) - -3.
0
Suppose 5*c = -4 - 16. Let f(x) = x**3 + 6*x**2 - 7*x - 7. Let y be f(-7). Let v = c - y. What is the remainder when 8 is divided by v?
2
Suppose 7 = -2*f + 15. Suppose -f*l = 1 + 3. Let h = 14 - l. Calculate the remainder when 44 is divided by h.
14
Let s be (-5)/((-5)/(-2)) + 1. Let r(q) = -5*q - 1. Calculate the remainder when 14 is divided by r(s).
2
Suppose 5 = -y + 4*v - v, -3*v + 9 = 0. Let m = y + 5. What is the remainder when m is divided by 3?
0
Let h(q) = -11*q. Let l(x) = -2*x + 3. Let j = -10 - -3. Calculate the remainder when h(-3) is divided by l(j).
16
Suppose -3*n + 4*o = -3 - 0, 2*n = -4*o + 2. Suppose 4*m - 44 = -2*x, 3*x + 2*x - 77 = m. Calculate the remainder when x is divided by ((-9)/(-4))/(n/4).
7
Suppose 4*x + 5*v + 66 = 251, 0 = 5*x + 4*v - 238. Calculate the remainder when x is divided by 13.
11
Let m(c) = c**3 - c**2 - 6. Let n be m(0). Let b = 5 + -6. Calculate the remainder when 31 is divided by (3/n)/(b/22).
9
Let p = -8 + 54. Calculate the remainder when p is divided by 12.
10
Suppose -2*u + 0 = -8. Suppose -u*m - 167 = -3*v, -m - 3*m - 8 = 0. What is the remainder when v is divided by 14?
11
Suppose -13*a + 105 = -6*a. What is the remainder when a is divided by 4?
3
Let r = 7 - -1. Calculate the remainder when 14 is divided by r.
6
Let z be (8/(-2))/((-6)/9). What is the remainder when 4/(-2) - -2 - -21 is divided by 36/4*4/z?
3
Let o(a) = -a**3 - 5*a**2 - 4*a - 6. Calculate the remainder when o(-7) is divided by 41.
38
Let n(q) = -4*q**3 - 1. Let t be n(-1). Suppose t*i = 16 + 44. Calculate the remainder when 38 is divided by i.
18
Let b = -25 + 49. Suppose 32 = 4*g - b. Suppose -r - 3*v + 14 = 0, -3*r - 19 = 2*v - 89. Calculate the remainder when r is divided by g.
12
Let j be 2/2 + -1 + 12. Calculate the remainder when 82 is divided by ((-112)/j)/((-2)/6).
26
Let r = 49 + -18. Suppose 0 = -5*m - 6 + r. Let h(u) = -u**3 + 5*u**2 + u - 1. What is the remainder when 7 is divided by h(m)?
3
Let y(h) = 9*h**3 - 2*h**2 + 2*h. What is the remainder when 17 is divided by y(1)?
8
Suppose -6*c + 218 - 56 = 0. What is the remainder when c is divided by 10?
7
Suppose 2*k = 6*k - 88. Let i = 50 - 30. What is the remainder when i is divided by 1/(2/k + 0)?
9
Let g(p) = -p + 11. Let x be g(9). Suppose -x*o = -5*o + 15. Calculate the remainder when 9 is divided by o.
4
Let l(q) be the second derivative of -11*q**5/20 + q**4/12 + 2*q. What is the remainder when l(-1) is divided by 7?
5
Suppose -2*k + 24 = -0*k. Let z(w) = -w**3 + 13*w**2 - 12*w + 5. Suppose -9 = -0*d - d. Calculate the remainder when d is divided by z(k).
4
Suppose 1 = 3*v - 2*m - 1, 3*v + 5*m = 16. What is the remainder when 6 is divided by v?
0
Let b(q) = 8*q**3 - q. Let t(f) = -f**3 + 3*f**2 + f - 2. Let j be t(3). Let v be b(j). Let r = -4 + v. Calculate the remainder when 8 is divided by r.
2
Let i(r) = r**2 - 7*r - 1. Let n be i(7). Let x = n - -6. Let g(l) = -l**2 + 7*l - 7. Calculate the remainder when g(x) is divided by 2.
1
Let d be (-3)/9 - 14/3. Suppose 0 = x + 2*b - 4, -22 = 2*x - 0*b - 2*b. Let t = d - x. What is the remainder when t is divided by 1?
0
Let v = 134 - 96. Suppose -u - v = -3*u. Let o(h) = h**3 - 5*h**2 + 6*h - 1. Calculate the remainder when u is divided by o(4).
5
Suppose 4*m = -m + 5. Let o be ((-1)/3)/((-8)/(-24)). What is the remainder when (m + o)/2 - -3 is divided by 2?
1
Let h(x) = -x**2 + 6*x + 3. Suppose 1 = 3*s - 8. What is the remainder when h(5) is divided by s?
2
Suppose 203 - 475 = -4*p. Suppose s - 3*j - 35 = -8*j, -4*s - 2*j = -p. Calculate the remainder when s is divided by 4.
3
Let r(q) = -q**3 + 3*q**2 + 2*q - 1. Let h be r(3). Suppose b + 44 = h*b. Calculate the remainder when 20 is divided by b.
9
Let y be 4 - 2/(-1 - -3). Let x = y + 17. What is the remainder when 39 is divided by x?
19
Let h(s) = s + 9. Calculate the remainder when -1*(-21 + -4 + 9) is divided by h(0).
7
Let l = -69 - -77. What is the remainder when 10 is divided by l?
2
Suppose 3*z - 4*z = -5. Let r(g) = g**2 - 6*g - 2. Let i be r(6). Calculate the remainder when (7/(-2) - 1)*i is divided by z.
4
Let k(p) = p**2 + 4*p + 11. Calculate the remainder when 59 is divided by k(-5).
11
Let m = -246 - -414. Calculate the remainder when m is divided by 19.
16
Let g(s) = s**2 - 2*s - 4. Calculate the remainder when g(5) is divided by 7.
4
Let i be (-28)/(-12) + (-4)/(-6). Suppose b - 15 = -i*k - b, 15 = 5*b. Let s(d) = 4*d + 3. What is the remainder when 28 is divided by s(k)?
13
Let v be ((-42)/(-8))/(6/(-24)). Let j = 31 + v